57 + (109 - (47 - -55))?
64
What is 0 - ((-4 - -6) + 15 + -85 + -10 + -5)?
83
What is 13 + (-59 + 11 - -47)?
12
Calculate -140 - -176 - (60 - 6).
-18
Evaluate -6 - (14 + 3 + (-11 - -4) + -42 - 6).
32
Calculate 10 - (0 + 52) - -16.
-26
Evaluate -3 - -19 - -1 - (660 - 700).
57
Calculate -4 + 15 - (-22 + (31 - 22)).
24
Calculate -33 + (-23 - -62 - 22).
-16
Evaluate (0 - 22) + 114 + -4 + -92.
-4
Calculate 57 + (16 + 17 + -16 - -4).
78
-7 - 2 - ((-50 - -38) + 36 + (2 - 19))
-16
What is -12 + 7 - (6 + -36 + -19)?
44
-13 - 1 - (27 + -4 - (-130 - -189))
22
What is the value of -22 + -3 + (21 - 16) + 1?
-19
(106 - 16) + (1190 - 1361)
-81
(-13 + (-9 - -4) - -24) + -32
-26
Calculate 122 + -60 + 34 + -17.
79
What is (139 + (-11 - -16 - 6) - 17) + -5 + 19?
135
48 + (-15 - -20) - 11
42
What is the value of -4 + (-5 - -5) - (1 - (-14 - (-3 - 6)))?
-10
What is (-10 - -6) + -7 + 509 + -379?
119
What is the value of 56 + (-45 + 18 + 21 - (-25 - -5 - -5))?
65
Calculate 117 + -135 + -6 + 1 + 23.
0
Calculate 34 + -5 + -18 + 21 - (-4 + 3).
33
What is the value of -2175 - -2212 - (11 - 1)?
27
Calculate -48 + (-17 - -26) - 5.
-44
Calculate 40 + 1 - 127 - -52.
-34
Evaluate 9 + 88 + -22 + -11 + (13 - -12).
89
What is the value of (-66 - (3 + -74)) + -11 + 0?
-6
-20 - (31 + (-48 - 43))
40
Evaluate 52 + 39 - 65 - 67.
-41
What is -52 - ((-1072 - -1067 - (1 + (-9 - 0))) + -11)?
-44
Calculate -40 + 258 + -84 + (-4 - 22).
108
What is -4 + 4 + -8 - (-22 + (10 - -18) - 86)?
72
Evaluate -3 + -44 - 1 - (46 + -66 + 13).
-41
Calculate (-3171 - -3183) + (32 - (1 + 0)).
43
(-5 - (0 - -1)) + (8 - 100) + -4 - -9
-93
Calculate 4 - (-73 + 63 - (-6 + 12 + 2)).
22
Evaluate 32 - (33 - (44 - 50)).
-7
What is -36 - (-12 + -24) - (0 - -13) - -2?
-11
What is -8 + -51 + 63 + (-5 - 2) + -32 + 4?
-31
What is -22 + (20 - (37 + -15 + -29)) - (-2 - -70)?
-63
-13 - (6 - -1 - 17) - ((-6 - -104) + 5)
-106
What is -11 + -4 + (3 - 1) + 625 + -540 + -5?
67
Calculate 167 - 45 - (194 - 60).
-12
Calculate -14 - ((-80 - -80) + 64).
-78
Evaluate -16 + (-47 + 1 + 2 - (372 + -370)).
-62
What is the value of (-1 - -27 - (-810 + 862)) + -31?
-57
(-48 - (9 + -15 + 7)) + 12
-37
What is the value of 413 + -399 - (1 - (0 - -16))?
29
What is 85 - (158 - (13 - -20))?
-40
What is 155 + -161 - -135 - 14?
115
What is -1 + -19 + 9 + 19 + -7 + -3 + 69?
67
What is -35 + 21 + 5 - (-4 + 0)?
-5
11 - (-6 + 49) - (21 + 16)
-69
What is (14 - -21) + (-25 - (-52 - -6))?
56
What is the value of 2 - 0 - (-61 + 130 + -28) - (-6 - -3)?
-36
Evaluate 17 + 17 + (-1 - -3) + 11 + -22 + 4.
29
(-9 - (-58 - -52)) + -51 + 2 + 1 + 0
-51
Calculate -5 - 38 - -24 - (6 - -5) - 1.
-31
What is (-4 - (1 + -15)) + -34 + -25 + 8?
-41
What is -14 - (-9 - (-10 + 29)) - 74 - (-13 + 1)?
-48
-29 - ((21 - -46) + -54)
-42
What is the value of (2 + 1 + -11 + -3 - -12) + 6 - 58?
-51
0 + (1 - -53) + (32 - (54 + 10 - 29))
51
Calculate -49 - (-22 + 40 + 11 + 1).
-79
Evaluate -2 + -10 - 2 - (-21 - (-49 + 41)).
-1
(212 - (14 + 169)) + 0 + -5
24
What is -12 + 21 + (-26 - -42) + -63?
-38
Evaluate -150 + 109 + (4 - (-114 - 17)).
94
-38 + (32 - -8) + -67
-65
What is the value of 9 + (-1 - 30 - 5) + -4 - -11?
-20
Calculate (1 - 4) + (-459 + 440 - (1 + -3)).
-20
What is 122 + (-113 - 55) + 8 + 2 + 0?
-36
Calculate (-17 - 0) + -8 + -96 + 82.
-39
What is (-10 - -15 - 6) + (-68 + 2 - 2)?
-69
What is 32 + 0 + 36 + 7 + -47 + -9?
19
What is (-225 - -154) + 45 + -12?
-38
Calculate 1 + 56 + (1876 - 2000).
-67
Calculate 0 - 31 - (5533 + -5599).
35
What is (-58 - -2) + (1 + -1 - (1580 + -1585))?
-51
What is 7 + (-8 + 12 + 12 - 33) + 92?
82
Evaluate 4 + -5 + (18 - 6) + -3 + 2 + 1.
11
Evaluate (-1 - -162) + (6695 - 6809).
47
Evaluate 202 - 197 - (-45 - ((-5 - -1) + 2) - 4).
52
What is -75 + (-62 - -26 - (1 - 52))?
-60
Calculate -1 - (9 - (16 - 35 - 3)).
-32
Evaluate (-18 + -11 - -27) + -6 + -6.
-14
What is the value of (-102 - -50 - (1 - -21)) + -7?
-81
(6 + -36 - -32) + -43 + -2 - 9
-52
-5 - (12 - (7 - 35 - -19))
-26
What is -8 - (-5 + 8 + (-6 - (-7 - -12)) - -15)?
-15
Evaluate (49 - (5 - -21 - 15)) + -15.
23
Evaluate -5 + (-15 + 29 - (-1 + (-3 - -18))).
-5
What is 54 - (-43 + 34) - 77?
-14
Calculate -16 + (-22 - 24 - -38).
-24
Evaluate -3 + 30 - (20 - 2) - -11.
20
What is -6 - (-5 - -7) - (-7 + (-9 - -10)) - -55?
53
What is 1 + 9 - 34 - (-190 + 196)?
-30
What is 16 - 1 - (-63 - 10 - 2) - 9?
81
Calculate 212 + (-229 - -88) - 152.
-81
What is 9 + 15 + -25 + (1 - -1 - -2)?
3
Calculate (4 - (-45 + -45)) + -66.
28
What is (95 + -156 - -55) + 2 + 93?
89
What is the value of -28 + (-11 - 17) + 39?
-17
What is the value of 22 - (177 - 43) - -32?
-80
Calculate -9 - 0 - (-99 + (45 - -3 - 23)).
65
122 + 85 + 108 + -250
65
Evaluate 1 + 2 + 41 + -32 + (21 - 38).
-5
What is the value of 28 - (55 - (70 - 23)) - (0 - (6 + -1))?
25
Evaluate -47 + (-38 - (-121 + 39)).
-3
Evaluate 46 - 77 - 29 - -27.
-33
What is (-15 - 2) + 309 + -239 + 19?
72
What is the value of (-67 - (-131 + 35)) + (-3 - -2) + -10?
18
Evaluate 0 + 84 + (8 + 3 - (39 + -18)).
74
What is 2 + 28 + (-16 - 0) - (-1 + 6 - -5)?
4
What is 60 - (44 + -66 + (16 - -3))?
63
What is the value of (33 - (-42 + 60)) + 1?
16
Calculate 226 - (-46 + 295) - (61 + 0).
-84
What is 13 - (-8 + 4 + (163 - 169 - (-1 + -3)))?
19
Calculate (-154 - (-96 - 345)) + -163.
124
What is the value of (101 - 35) + 57 + 12?
135
Calculate 60 + (24 + -40 - (1 + -2 - 12)).
57
Evaluate 3 + -18 - ((123 - 2) + -213).
77
What is 10 - 8 - 3 - 10 - (7 + -13 + -3)?
-2
22 + (-26 + 57 - 52)
1
Calculate 1 - -22 - (-119 + (-125 - -293)).
-26
What is the value of -83 - (-11 - -109 - 111)?
-70
Calculate (76 - 47 - 21) + -51.
-43
What is -30 + (116 + -75 - 47)?
-36
What is (-2 - -5) + ((-6 - -8 - 14) + 5 - -22)?
18
Evaluate 3968 + -4047 - (-3 + -126).
50
What is the value of (41 - (9 + (1 - -33))) + 2 + -1?
-1
Evaluate -89 - -77 - (0 - 5) - -5 - -72.
70
(2 - 18) + 29 + -10 + (54 - 9)
48
What is (-746 - -832) + (-75 - -2) + (-50 - 0)?
-37
-1 + (-96 - -221) - (0 - 12 - (-1 - -2))
137
What is the value of -73 - 0 - -3 - (50 + 20 - 84)?
-56
What is 19 - 17 - 20 - (19 - 31)?
-6
-350 - -329 - (4 + -26)
1
1 - 9 - (-51 + 56) - (-40 + 11)
16
Evaluate 18 - 13 - (42 - 34 - (3 + 3 - -1)).
4
Calculate (28 - 25 - 22 - 14) + 0 + 5.
-28
What is -37 - (-2 + -9 - (-16 - -8))?
-34
What is the value of (0 + -3 + -2 - -23) + (-5 + 18 - 18)?
13
What is 62 + (-41 - 38 - 44)?
-61
Evaluate 122 + -161 + (3 - 5) + (8 - (3 + 2)).
-38
-7 - -1 - (-193 + (-88 - -231))
44
What is (515 - 415) + (-97 - -19)?
22
What is -2 + (-5 - -2) + -14 + (-14 - -49)?
16
Calculate -7 + (-10 - (-22 - -19)) - -68.
54
What is the value of (2 - 13) + -4 + 45 + 0 + -11?
19
What is -60 + 35 - 87 - (12 - 46)?
-78
Calculate (99 - 76) + -14 + -78.
-69
Calculate -49 + (-8 - (-12 + -19 - -12)).
-38
20 + (-25 - (13 - (-16 + 1)))
-33
0 + -30 - (24 - (8 + 7 + 3))
-36
Evaluate 2 + -1 + -13 - (-1173 - -1156).
5
What is 37 + (20 - (26 + 22))?
9
What is 136 + (-266 + 109 - -9)?
-12
Evaluate 6 + (3 - (-24 + -14)).
47
Calculate (-63 - (-12 + 25)) + 138.
62
-14 + -2 + (-797 - -849)
36
Evaluate -7 - (-1 + 1 + -6 - (-18 + (21 - -28))).
30
-13 + 0 + (1 - 13) + (8 - (15 - 16))
-16
43 + 36 + -24 + -63
-8
-27 - (-29 - (8 - 0) - -65)
-55
Evaluate (-6 - -5) + 11 - (-16 + 2 + 16).
8
Calculate -10708 - -10643 - (4 - (1 - (4 + -30))).
-42
What is (-2 - (-24 + -1)) + -22 + 12 + 17?
30
-38509 + 38462 + (0 - (5 - -2))
-54
What is (11 - 9) + (-1 - -71) + (-1499 - -1506)?
79
Evaluate 75 - 250 - -138 - (3 - 127).
87
What is the value of (-35 - -47 - -34 - -20) + 17?
83
-78 - 0 - (101 - 157)
-22
What is the value of (4 + -12 - -18) + (-85 - -16)?
-59
Evaluate 11 + (2 - 3 - -3) + (4 - -11).
28
What is the value of 5 + -49 - (2 + 19 + 2)?
-67
Calculate 15 - (-23 + 15 + 90).
-67
What is 17 + 0 - (7935 + -8016)?
98
Calculate (-8 + 1 - (-206 + 223)) + -2.
-26
-7 + -10 + 11 + -13 + 17 + -6 + -10
-18
15 + (-14 - -37) + -70
-32
Evaluate -81 + (63 - 17) + 103 + (-1 - 1).
66
Evaluate 46 - 59 - (-35 - 2).
24
What is 8 + (52 - 52 - (-2 + 4 - -14)) - -1?
-7
Evaluate 0 + 20 + (14 + -9 - -39) + 21.
85
What is -10 + 16 + -69 + 77?
14
Calculate (-11 + 2 - -26) + -39 + 52 + 16.
46
What is (48 - 54) + (-2 - (-1 + -3))?
-4
What is (-37 - 4) + 3 + 60?
22
What is 25 + (-3 - (-8 - 39 - -73))